{"id":93,"date":"2025-09-08T01:27:24","date_gmt":"2025-09-07T23:27:24","guid":{"rendered":"https:\/\/osuomra.tendencyproductora.site\/?page_id=93"},"modified":"2025-10-17T21:48:52","modified_gmt":"2025-10-17T19:48:52","slug":"objetivos","status":"publish","type":"page","link":"https:\/\/osuomra.org.ar\/?page_id=93","title":{"rendered":"Objetivos"},"content":{"rendered":"\t\t<div data-elementor-type=\"wp-page\" data-elementor-id=\"93\" class=\"elementor elementor-93\" data-elementor-post-type=\"page\">\n\t\t\t\t<div class=\"elementor-element elementor-element-7ee50f9 e-con-full e-flex e-con e-parent\" data-id=\"7ee50f9\" data-element_type=\"container\" data-settings=\"{&quot;background_background&quot;:&quot;classic&quot;}\">\n\t\t\t\t<div class=\"elementor-element elementor-element-0d16fb1 elementor-widget elementor-widget-heading\" data-id=\"0d16fb1\" data-element_type=\"widget\" data-widget_type=\"heading.default\">\n\t\t\t\t\t<h1 class=\"elementor-heading-title elementor-size-default\">Objetivos<\/h1>\t\t\t\t<\/div>\n\t\t\t\t<\/div>\n\t\t<div class=\"elementor-element elementor-element-b1f4a18 e-con-full e-flex e-con e-parent\" data-id=\"b1f4a18\" data-element_type=\"container\">\n\t\t<div class=\"elementor-element elementor-element-a6f8ca1 e-con-full e-flex e-con e-child\" data-id=\"a6f8ca1\" data-element_type=\"container\" data-settings=\"{&quot;background_background&quot;:&quot;classic&quot;}\">\n\t\t\t\t<\/div>\n\t\t<div class=\"elementor-element elementor-element-60cb637 e-con-full e-flex e-con e-child\" data-id=\"60cb637\" data-element_type=\"container\">\n\t\t\t\t<div class=\"elementor-element elementor-element-d38a471 elementor-widget elementor-widget-heading\" data-id=\"d38a471\" data-element_type=\"widget\" data-widget_type=\"heading.default\">\n\t\t\t\t\t<h3 class=\"elementor-heading-title elementor-size-default\">Nuestra Misi\u00f3n: Ser una Obra Social Modelo<\/h3>\t\t\t\t<\/div>\n\t\t\t\t<div class=\"elementor-element elementor-element-5e2708ef presta elementor-widget elementor-widget-text-editor\" data-id=\"5e2708ef\" data-element_type=\"widget\" data-widget_type=\"text-editor.default\">\n\t\t\t\t\t\t\t\t\t\n<p>En OSUOMRA, nuestra misi\u00f3n principal es construir y consolidar una obra social de referencia, una instituci\u00f3n que acompa\u00f1e a sus afiliados en cada etapa de su vida. Para lograrlo, nos comprometemos a:<\/p>\n\n<ul class=\"wp-block-list\">\n<li><strong>Innovaci\u00f3n Constante:<\/strong> Apostamos a la evoluci\u00f3n continua de cada \u00e1rea, incorporando tecnolog\u00eda de vanguardia y las mejores pr\u00e1cticas del sector para garantizar un servicio de excelencia.<\/li>\n\n<li><strong>Compromiso Humano:<\/strong> Fomentamos el desarrollo de equipos de trabajo altamente capacitados y comprometidos, dedicados a la mejora permanente de los procesos de atenci\u00f3n y gesti\u00f3n.<\/li>\n\n<li><strong>Informaci\u00f3n Esencial:<\/strong> Nos aseguramos de brindar informaci\u00f3n clara, precisa y actualizada sobre todos nuestros servicios, para que t\u00fa y tu grupo familiar tengan acceso a los recursos que necesitan para cuidar su salud.<\/li>\n<\/ul>\n\t\t\t\t\t\t\t\t<\/div>\n\t\t\t\t<\/div>\n\t\t\t\t<\/div>\n\t\t<div class=\"elementor-element elementor-element-933be4d e-con-full e-flex e-con e-parent\" data-id=\"933be4d\" data-element_type=\"container\">\n\t\t<div class=\"elementor-element elementor-element-e10eb5d e-con-full e-flex e-con e-child\" data-id=\"e10eb5d\" data-element_type=\"container\">\n\t\t\t\t<div class=\"elementor-element elementor-element-2870d7b elementor-widget elementor-widget-heading\" data-id=\"2870d7b\" data-element_type=\"widget\" data-widget_type=\"heading.default\">\n\t\t\t\t\t<h3 class=\"elementor-heading-title elementor-size-default\">Nuestros Objetivos Estrat\u00e9gicos<\/h3>\t\t\t\t<\/div>\n\t\t\t\t<div class=\"elementor-element elementor-element-8b4be11 presta elementor-widget elementor-widget-text-editor\" data-id=\"8b4be11\" data-element_type=\"widget\" data-widget_type=\"text-editor.default\">\n\t\t\t\t\t\t\t\t\t\n<p>Para cumplir con nuestra misi\u00f3n, hemos establecido una serie de objetivos clave que gu\u00edan cada una de nuestras acciones:<\/p>\n\n<ul class=\"wp-block-list\">\n<li><strong>Excelencia en la Atenci\u00f3n:<\/strong> Superar las expectativas de nuestros afiliados a trav\u00e9s de una atenci\u00f3n de calidad, humana y accesible.<\/li>\n\n<li><strong>Enfoque en la Prevenci\u00f3n:<\/strong> Fomentar una cultura de medicina preventiva, dise\u00f1ando programas y acciones que promuevan un estilo de vida saludable y eviten la aparici\u00f3n de enfermedades.<\/li>\n\n<li><strong>Expansi\u00f3n de la Cobertura:<\/strong> Continuar ampliando y mejorando nuestra red de prestadores, centros m\u00e9dicos y servicios especializados para ofrecer una cobertura integral en todo el pa\u00eds.<\/li>\n\n<li><strong>Transparencia y Solidez:<\/strong> Mantener una gesti\u00f3n transparente y responsable, que garantice la estabilidad financiera de la obra social y asegure la confianza de nuestros afiliados.<\/li>\n<\/ul>\n\n<p>Estos objetivos reflejan nuestro compromiso de ser una instituci\u00f3n s\u00f3lida, que no solo cuida tu salud, sino que tambi\u00e9n trabaja activamente para un futuro m\u00e1s sano y seguro para todos.<\/p>\n\t\t\t\t\t\t\t\t<\/div>\n\t\t\t\t<\/div>\n\t\t<div class=\"elementor-element elementor-element-b884599 e-con-full e-flex e-con e-child\" data-id=\"b884599\" data-element_type=\"container\" data-settings=\"{&quot;background_background&quot;:&quot;classic&quot;}\">\n\t\t\t\t<\/div>\n\t\t\t\t<\/div>\n\t\t<div class=\"elementor-element elementor-element-7a98783e e-flex e-con-boxed e-con e-parent\" data-id=\"7a98783e\" data-element_type=\"container\">\n\t\t\t\t\t<div class=\"e-con-inner\">\n\t\t\t\t\t<\/div>\n\t\t\t\t<\/div>\n\t\t\t\t<\/div>\n\t\t","protected":false},"excerpt":{"rendered":"<p>Objetivos Nuestra Misi\u00f3n: Ser una Obra Social Modelo En OSUOMRA, nuestra misi\u00f3n principal es construir y consolidar una obra social de referencia, una instituci\u00f3n que acompa\u00f1e a sus afiliados en cada etapa de su vida. Para lograrlo, nos comprometemos a:<\/p>\n","protected":false},"author":1,"featured_media":0,"parent":0,"menu_order":0,"comment_status":"closed","ping_status":"closed","template":"elementor_header_footer","meta":{"_acf_changed":false,"_joinchat":[],"footnotes":""},"class_list":["post-93","page","type-page","status-publish","hentry"],"acf":[],"_links":{"self":[{"href":"https:\/\/osuomra.org.ar\/index.php?rest_route=\/wp\/v2\/pages\/93","targetHints":{"allow":["GET"]}}],"collection":[{"href":"https:\/\/osuomra.org.ar\/index.php?rest_route=\/wp\/v2\/pages"}],"about":[{"href":"https:\/\/osuomra.org.ar\/index.php?rest_route=\/wp\/v2\/types\/page"}],"author":[{"embeddable":true,"href":"https:\/\/osuomra.org.ar\/index.php?rest_route=\/wp\/v2\/users\/1"}],"replies":[{"embeddable":true,"href":"https:\/\/osuomra.org.ar\/index.php?rest_route=%2Fwp%2Fv2%2Fcomments&post=93"}],"version-history":[{"count":5,"href":"https:\/\/osuomra.org.ar\/index.php?rest_route=\/wp\/v2\/pages\/93\/revisions"}],"predecessor-version":[{"id":685,"href":"https:\/\/osuomra.org.ar\/index.php?rest_route=\/wp\/v2\/pages\/93\/revisions\/685"}],"wp:attachment":[{"href":"https:\/\/osuomra.org.ar\/index.php?rest_route=%2Fwp%2Fv2%2Fmedia&parent=93"}],"curies":[{"name":"wp","href":"https:\/\/api.w.org\/{rel}","templated":true}]}}